{"id":49,"date":"2020-03-27T00:23:29","date_gmt":"2020-03-27T00:23:29","guid":{"rendered":"https:\/\/crisjuarex.com\/store\/?post_type=product&#038;p=49"},"modified":"2024-11-14T18:12:31","modified_gmt":"2024-11-14T18:12:31","slug":"postales-mexiland","status":"publish","type":"product","link":"https:\/\/crisjuarex.com\/store\/product\/postales-mexiland\/","title":{"rendered":"Set de Postales MEXILAND"},"content":{"rendered":"<p>Incluye 20 postales super bonitas para colorear.<br \/>\nEst\u00e1n ilustradas con elementos t\u00edpicos mexicanos: alebrije, barro negro, calaverita de az\u00facar, lucha libre, mu\u00f1eca de trapo, pi\u00f1ata, trompo, entre otros.<\/p>\n<p>Regala esta colecci\u00f3n de postales a tus familiares y amigues que est\u00e9n lejos, o p\u00eddelo para ti, y colorea y manda las postales por separado a otros lugares del mundo.<span class=\"Apple-converted-space\">\u00a0<\/span><\/p>\n<p>\u00a1Cada postal es \u00fanica e irrepetible ya que al colorearla no habr\u00e1 otra igual!<\/p>\n","protected":false},"excerpt":{"rendered":"<p>Set de 20 postales para colorear, para artistas y amantes de M\u00e9xico de todas las edades.<\/p>\n<p>Includes 20 removable and customizable postcards to color. For artists and lovers of Mexico, of all ages.<\/p>\n","protected":false},"featured_media":133,"template":"","meta":[],"product_cat":[23,24],"product_tag":[],"class_list":{"0":"post-49","1":"product","2":"type-product","3":"status-publish","4":"has-post-thumbnail","6":"product_cat-mexiland","7":"product_cat-postales","9":"first","10":"instock","11":"shipping-taxable","12":"purchasable","13":"product-type-simple"},"_links":{"self":[{"href":"https:\/\/crisjuarex.com\/store\/wp-json\/wp\/v2\/product\/49","targetHints":{"allow":["GET"]}}],"collection":[{"href":"https:\/\/crisjuarex.com\/store\/wp-json\/wp\/v2\/product"}],"about":[{"href":"https:\/\/crisjuarex.com\/store\/wp-json\/wp\/v2\/types\/product"}],"wp:featuredmedia":[{"embeddable":true,"href":"https:\/\/crisjuarex.com\/store\/wp-json\/wp\/v2\/media\/133"}],"wp:attachment":[{"href":"https:\/\/crisjuarex.com\/store\/wp-json\/wp\/v2\/media?parent=49"}],"wp:term":[{"taxonomy":"product_cat","embeddable":true,"href":"https:\/\/crisjuarex.com\/store\/wp-json\/wp\/v2\/product_cat?post=49"},{"taxonomy":"product_tag","embeddable":true,"href":"https:\/\/crisjuarex.com\/store\/wp-json\/wp\/v2\/product_tag?post=49"}],"curies":[{"name":"wp","href":"https:\/\/api.w.org\/{rel}","templated":true}]}}